{"id":701,"date":"2024-10-09T21:52:37","date_gmt":"2024-10-09T21:52:37","guid":{"rendered":"https:\/\/victoryluxrental.com\/?post_type=product&#038;p=701"},"modified":"2024-10-09T21:52:37","modified_gmt":"2024-10-09T21:52:37","slug":"nissan-versa","status":"publish","type":"product","link":"https:\/\/victoryluxrental.com\/index.php\/producto\/nissan-versa\/","title":{"rendered":"Nissan Versa"},"content":{"rendered":"<p>&nbsp;<\/p>\n<ul>\n<li>Hasta 4 adultos.<\/li>\n<li>Autom\u00e1tico.<\/li>\n<li>Aire acondicionado.<\/li>\n<li>Seguro b\u00e1sico inclu\u00eddo.<\/li>\n<li>4 maletas.<\/li>\n<li>Airbag.<\/li>\n<\/ul>\n","protected":false},"excerpt":{"rendered":"<p>&nbsp; Hasta 4 adultos. Autom\u00e1tico. Aire acondicionado. Seguro b\u00e1sico inclu\u00eddo. 4 maletas. Airbag.<\/p>\n","protected":false},"featured_media":702,"comment_status":"open","ping_status":"closed","template":"","meta":{"site-sidebar-layout":"default","site-content-layout":"","ast-site-content-layout":"default","site-content-style":"default","site-sidebar-style":"default","ast-global-header-display":"","ast-banner-title-visibility":"","ast-main-header-display":"","ast-hfb-above-header-display":"","ast-hfb-below-header-display":"","ast-hfb-mobile-header-display":"","site-post-title":"","ast-breadcrumbs-content":"","ast-featured-img":"","footer-sml-layout":"","theme-transparent-header-meta":"default","adv-header-id-meta":"","stick-header-meta":"","header-above-stick-meta":"","header-main-stick-meta":"","header-below-stick-meta":"","astra-migrate-meta-layouts":"set","ast-page-background-enabled":"default","ast-page-background-meta":{"desktop":{"background-color":"var(--ast-global-color-4)","background-image":"","background-repeat":"repeat","background-position":"center center","background-size":"auto","background-attachment":"scroll","background-type":"","background-media":"","overlay-type":"","overlay-color":"","overlay-opacity":"","overlay-gradient":""},"tablet":{"background-color":"","background-image":"","background-repeat":"repeat","background-position":"center center","background-size":"auto","background-attachment":"scroll","background-type":"","background-media":"","overlay-type":"","overlay-color":"","overlay-opacity":"","overlay-gradient":""},"mobile":{"background-color":"","background-image":"","background-repeat":"repeat","background-position":"center center","background-size":"auto","background-attachment":"scroll","background-type":"","background-media":"","overlay-type":"","overlay-color":"","overlay-opacity":"","overlay-gradient":""}},"ast-content-background-meta":{"desktop":{"background-color":"var(--ast-global-color-5)","background-image":"","background-repeat":"repeat","background-position":"center center","background-size":"auto","background-attachment":"scroll","background-type":"","background-media":"","overlay-type":"","overlay-color":"","overlay-opacity":"","overlay-gradient":""},"tablet":{"background-color":"var(--ast-global-color-5)","background-image":"","background-repeat":"repeat","background-position":"center center","background-size":"auto","background-attachment":"scroll","background-type":"","background-media":"","overlay-type":"","overlay-color":"","overlay-opacity":"","overlay-gradient":""},"mobile":{"background-color":"var(--ast-global-color-5)","background-image":"","background-repeat":"repeat","background-position":"center center","background-size":"auto","background-attachment":"scroll","background-type":"","background-media":"","overlay-type":"","overlay-color":"","overlay-opacity":"","overlay-gradient":""}},"_joinchat":[]},"product_brand":[],"product_cat":[23,21],"product_tag":[],"mwb_booking_cost":[19],"mwb_booking_service":[20],"class_list":{"0":"post-701","1":"product","2":"type-product","3":"status-publish","4":"has-post-thumbnail","6":"product_cat-booking","7":"product_cat-sedan","8":"mwb_booking_cost-seguro-cobertura-amplia","9":"mwb_booking_service-lavado","10":"desktop-align-left","11":"tablet-align-left","12":"mobile-align-left","14":"first","15":"instock","16":"virtual","17":"purchasable","18":"product-type-mwb_booking"},"_links":{"self":[{"href":"https:\/\/victoryluxrental.com\/index.php\/wp-json\/wp\/v2\/product\/701","targetHints":{"allow":["GET"]}}],"collection":[{"href":"https:\/\/victoryluxrental.com\/index.php\/wp-json\/wp\/v2\/product"}],"about":[{"href":"https:\/\/victoryluxrental.com\/index.php\/wp-json\/wp\/v2\/types\/product"}],"replies":[{"embeddable":true,"href":"https:\/\/victoryluxrental.com\/index.php\/wp-json\/wp\/v2\/comments?post=701"}],"wp:featuredmedia":[{"embeddable":true,"href":"https:\/\/victoryluxrental.com\/index.php\/wp-json\/wp\/v2\/media\/702"}],"wp:attachment":[{"href":"https:\/\/victoryluxrental.com\/index.php\/wp-json\/wp\/v2\/media?parent=701"}],"wp:term":[{"taxonomy":"product_brand","embeddable":true,"href":"https:\/\/victoryluxrental.com\/index.php\/wp-json\/wp\/v2\/product_brand?post=701"},{"taxonomy":"product_cat","embeddable":true,"href":"https:\/\/victoryluxrental.com\/index.php\/wp-json\/wp\/v2\/product_cat?post=701"},{"taxonomy":"product_tag","embeddable":true,"href":"https:\/\/victoryluxrental.com\/index.php\/wp-json\/wp\/v2\/product_tag?post=701"},{"taxonomy":"mwb_booking_cost","embeddable":true,"href":"https:\/\/victoryluxrental.com\/index.php\/wp-json\/wp\/v2\/mwb_booking_cost?post=701"},{"taxonomy":"mwb_booking_service","embeddable":true,"href":"https:\/\/victoryluxrental.com\/index.php\/wp-json\/wp\/v2\/mwb_booking_service?post=701"}],"curies":[{"name":"wp","href":"https:\/\/api.w.org\/{rel}","templated":true}]}}